{"id":2,"date":"2021-09-07T10:40:51","date_gmt":"2021-09-07T08:40:51","guid":{"rendered":"https:\/\/www.dantemedia.cz\/?page_id=2"},"modified":"2023-02-24T09:07:24","modified_gmt":"2023-02-24T08:07:24","slug":"zkusebni-stranka","status":"publish","type":"page","link":"https:\/\/www.dantemedia.cz\/?page_id=2","title":{"rendered":"O n\u00e1s"},"content":{"rendered":"\n<p>Poskytujeme zejm\u00e9na grafick\u00fd a polygrafick\u00fd servis vydavatel\u016fm a producent\u016fm obsahu. Na\u0161e slu\u017eby postupn\u011b roz\u0161i\u0159ujeme, digitalizujeme a rozv\u00edj\u00edme vlastn\u00edmi i navazuj\u00edc\u00edmi sofistikovan\u00fdmi digit\u00e1ln\u00edmi syst\u00e9my. Z\u00e1kazn\u00edkovi dok\u00e1\u017eeme nab\u00eddnout mimo jin\u00e9 nap\u0159\u00edklad slu\u017eby tvorby digit\u00e1ln\u00edch publikac\u00ed, digitalizaci publikac\u00ed, poskytov\u00e1n\u00ed redak\u010dn\u00edch slu\u017eeb, jako jsou jazykov\u00e9 korektury, stylistick\u00e9 korektury, p\u0159eklady, slu\u017eby copywriter\u016f apod. Nicm\u00e9n\u011b dlouhodob\u011b je p\u0159eva\u017euj\u00edc\u00edm p\u0159edm\u011btem \u010dinnosti spole\u010dnosti poskytov\u00e1n\u00ed grafick\u00e9ho a redak\u010dn\u00edho servisu pro tiskovou i digit\u00e1ln\u00ed produkci zejm\u00e9na profesion\u00e1ln\u00edm nakladatelsk\u00fdm a medi\u00e1ln\u00edm dom\u016fm.<\/p>\n\n\n\n<p>Firma poskytuje n\u00e1sleduj\u00edc\u00ed slu\u017eby:<\/p>\n\n\n\n<ul class=\"wp-block-list\">\n<li>N\u00e1vrhy layout\u016f, zejm\u00e9na knih a ostatn\u00edch tiskovin prim\u00e1rn\u011b s&nbsp;knihami souvisej\u00edc\u00edch<\/li>\n\n\n\n<li>Zlom a sazba knih<\/li>\n\n\n\n<li>Poskytov\u00e1n\u00ed redak\u010dn\u00edch slu\u017eeb, tj. p\u0159ekladatelsk\u00e9 slu\u017eby, slu\u017eby jazykov\u00fdch korektur, slu\u017eby stylistick\u00e9 a ostatn\u00ed redak\u010dn\u00ed<\/li>\n\n\n\n<li>N\u00e1vrhy ob\u00e1lek, tituln\u00edch stran, grafik a vizu\u00e1l\u016f p\u0159edev\u0161\u00edm knih<\/li>\n\n\n\n<li>Grafick\u00e9 a kresli\u010dsk\u00e9 pr\u00e1ce<\/li>\n\n\n\n<li>P\u0159evody zlom\u016f a sazby do elektronick\u00fdch form\u00e1t\u016f<\/li>\n\n\n\n<li>Technick\u00e1 tvorba elektronick\u00fdch knih<\/li>\n\n\n\n<li>Poradenstv\u00ed a slu\u017eby souvisej\u00edc\u00ed s&nbsp;ochranou elektronick\u00e9ho obsahu, zejm\u00e9na elektronick\u00fdch knih a PDF dokument\u016f proti zneu\u017eit\u00ed<\/li>\n\n\n\n<li>Poradenstv\u00ed v&nbsp;oblasti digit\u00e1ln\u00ed produkce profesion\u00e1ln\u00edch knih<\/li>\n<\/ul>\n\n\n\n<p>Spole\u010dnost spolupracuje s&nbsp; firmami a organizacemi na \u00fazem\u00ed cel\u00e9 \u010cesk\u00e9 republiky. Spole\u010dnost m\u00e1 ale okrajov\u011b z\u00e1kazn\u00edky i z&nbsp;okoln\u00edch st\u00e1t\u016f, p\u0159edev\u0161\u00edm ze Slovenska.<\/p>\n","protected":false},"excerpt":{"rendered":"<div class=\"slide-text-bg2\"><span>Poskytujeme zejm\u00e9na grafick\u00fd a polygrafick\u00fd servis vydavatel\u016fm a producent\u016fm obsahu. Na\u0161e slu\u017eby postupn\u011b roz\u0161i\u0159ujeme, digitalizujeme a rozv\u00edj\u00ed<\/span><\/div>\n<div class=\"slide-btn-area-sm\"><a href=\"https:\/\/www.dantemedia.cz\/?page_id=2\" class=\"slide-btn-sm\">Read More<\/a><\/div>\n","protected":false},"author":1,"featured_media":0,"parent":0,"menu_order":0,"comment_status":"closed","ping_status":"open","template":"fullwidth.php","meta":{"footnotes":""},"class_list":["post-2","page","type-page","status-publish","hentry"],"_links":{"self":[{"href":"https:\/\/www.dantemedia.cz\/index.php?rest_route=\/wp\/v2\/pages\/2","targetHints":{"allow":["GET"]}}],"collection":[{"href":"https:\/\/www.dantemedia.cz\/index.php?rest_route=\/wp\/v2\/pages"}],"about":[{"href":"https:\/\/www.dantemedia.cz\/index.php?rest_route=\/wp\/v2\/types\/page"}],"author":[{"embeddable":true,"href":"https:\/\/www.dantemedia.cz\/index.php?rest_route=\/wp\/v2\/users\/1"}],"replies":[{"embeddable":true,"href":"https:\/\/www.dantemedia.cz\/index.php?rest_route=%2Fwp%2Fv2%2Fcomments&post=2"}],"version-history":[{"count":2,"href":"https:\/\/www.dantemedia.cz\/index.php?rest_route=\/wp\/v2\/pages\/2\/revisions"}],"predecessor-version":[{"id":35,"href":"https:\/\/www.dantemedia.cz\/index.php?rest_route=\/wp\/v2\/pages\/2\/revisions\/35"}],"wp:attachment":[{"href":"https:\/\/www.dantemedia.cz\/index.php?rest_route=%2Fwp%2Fv2%2Fmedia&parent=2"}],"curies":[{"name":"wp","href":"https:\/\/api.w.org\/{rel}","templated":true}]}}